What is g(-5)?
-8
Let r = -3 + 6. Let o(n) = 4*n**2 + 4*n + 10. Let f(t) = 5*t**2 + 3*t + 11. Let p(y) = r*f(y) - 4*o(y). Let k = 10 + -15. Calculate p(k).
3
Let n = 0 + -5. Let s = n - -2. Let i(o) = o**3 + 2*o**2 - o + 4. Give i(s).
-2
Let t(x) = -5*x**3 + 5*x - 1. Let v be 23/4 + 3/12. Let m(o) = -o**3 + o. Let g(u) = v*m(u) - t(u). Give g(0).
1
Let b(r) be the third derivative of -5*r**4/24 - r**3/6 - 2*r**2. Give b(1).
-6
Let m(r) = 3*r + 2*r + 0*r + 5 - 4*r. Give m(-7).
-2
Let m(b) be the third derivative of -1/60*b**5 + 0 + 1/2*b**3 + b**2 + 0*b - 1/24*b**4. Suppose 0 = 8*g - 3*g. What is m(g)?
3
Let o(y) = -20*y**2 - 14*y - 8. Let h(z) = 7*z**2 + 5*z + 3. Let w(s) = -17*h(s) - 6*o(s). Let f = 12 - 11. Let v be 3/(f - (-4)/(-16)). What is w(v)?
9
Let v(s) = -4*s**3 + 4*s**2 - 5*s - 2. Let d(k) = -7*k**3 + 8*k**2 - 9*k - 3. Let m(b) = -3*d(b) + 5*v(b). Calculate m(2).
-5
Let l = -2 + 3. Let m be (l/2)/((-1)/(-16)). Suppose 2*i + m = -4*w, 12 = 3*w - 7*w. Let n(b) = b**3 - 3*b + 3. Calculate n(i).
5
Let u(k) be the second derivative of -k**3/6 - 19*k**2/2 + 4*k. Give u(0).
-19
Let x(t) be the first derivative of -t**4/4 - 5*t**3/3 + 7*t**2/2 - t - 1. Give x(-6).
-7
Let u(i) = 2*i. Let a(l) = -1. Let j(y) = a(y) + u(y). Let o = 2 - 5. Give j(o).
-7
Let r(y) = -1. Let i(a) = -3*a + 0 - 6 + 6 + 10. Let l(n) = -i(n) - 6*r(n). Give l(4).
8
Let j(q) = q**3 + 8*q**2 + 3. Let h(b) = -2*b**3 - 9*b**2 - b - 3. Let y(g) = -2*h(g) - 3*j(g). Calculate y(6).
9
Let g(h) = -11*h**2 + 21*h - 26. Let n(y) = 4*y**2 - 7*y + 9. Let d(k) = 3*g(k) + 8*n(k). Calculate d(7).
-6
Let f(b) = -b**2 - 2*b + 21. Let x be f(-6). Let l(u) = -u**3 - 5*u**2 + 4. Give l(x).
-14
Let l = -5 + 8. Let f be (l/(-1))/(-9)*-6. Let u(g) = 3*g - 7. Let a(p) = p - 4. Let q(k) = 5*a(k) - 3*u(k). Give q(f).
9
Suppose -2*s + 15 = 3*s. Let q(w) = 3*w. Calculate q(s).
9
Let p = 51/2 - 25. Let m(g) be the second derivative of p*g**3 - g**2 + 0 + 2*g + 1/12*g**4. What is m(-4)?
2
Suppose -15*a = -13*a - 8. Let x(t) = t**3 - 3*t**2 - 3*t + 2. Give x(a).
6
Let z = 4 + -7. Let o(s) be the third derivative of 0*s + s**2 + 1/24*s**4 + 0 + 1/6*s**3. Give o(z).
-2
Let v(y) = -7*y**3 + y. Suppose 2*w + 2*w - 12 = 0. Let q be (-1)/2*(w + -5). Calculate v(q).
-6
Suppose -k = -4*o + k + 30, 0 = -o + 5*k + 21. Let l(q) = q**2 - 7*q - 2. Let h(x) = -2*x**2 + 14*x + 3. Let n(a) = -3*h(a) - 5*l(a). Determine n(o).
-5
Let t = 3 - 1. Let v(o) = -o + 5 + 2 + o**3 - o**t + 2*o. Give v(0).
7
Suppose -2*m = -4*r, -3*r - 1 = -8*r + 3*m. Let a(z) = -8*z + 1. Calculate a(r).
9
Let q(c) = 4*c - 25. Let z be q(6). Let n(a) = 9*a - 1. What is n(z)?
-10
Let x(g) = -g**2 - 9*g - 11. Let b be x(-6). Let k(z) = z**2 - 9*z + 2. Determine k(b).
-12
Suppose -5*f + 5*a + 7 = -2*f, -a = 5. Let p be 2*f*(-6)/(-9). Let j(c) = c**3 + 9*c**2 + 9*c + 10. Calculate j(p).
2
Let i(o) = 2*o + 3. Let p be i(-2). Let y be (1/(-1) - p)*1. Suppose 5*v = -y*v - 2*t - 7, -3*v - 3*t - 6 = 0. Let f(c) = -7*c**2. What is f(v)?
-7
Let c(y) = -y**3 - 4*y**2 + 6*y + 6. Let b be c(-5). Let t(p) = 9*p - b - 2 - 12*p. Determine t(-3).
6
Let m(x) = -x + 3. Let q be m(9). Let t = -8 - q. Let b(u) = u**3 + 5*u**2 + 4*u + 2. Let z be b(t). Let l(y) = y**2 - 6*y + 5. Determine l(z).
5
Let n = 7 + -5. Suppose 5*f - 4*f = n. Let m(s) = -5*s**2 + 0*s**2 + 0*s**f + 8*s - s**3 + 9 + 0*s**2. Calculate m(-6).
-3
Suppose 2 = -2*j - 2*p - 2, 4*p - 10 = 5*j. Let y(o) = o**3 + 2*o**2 + 2. Let q be y(j). Let t(c) = -c + 3*c - q + c**2 - 1. Give t(-3).
0
Let o = 8 - 5. Suppose j - 5 + o = 0. Let n(r) = -4*r + 2 + 4 + r**j - 1. What is n(4)?
5
Let o(f) = -2*f**2 - 3*f - 11. Let r(v) = v**2 + 2*v + 7. Let z(w) = -5*o(w) - 8*r(w). Suppose -5*q = -2*q + 3*c + 3, 0 = 2*q - c - 7. Determine z(q).
5
Let q = -10 + 14. Let i be (-1 - 15)*(q + -5). Suppose -y = 3*y + i. Let u(p) = -2*p**2 - 6*p - 1. Determine u(y).
-9
Suppose -3*d = -2*d + 5. Let t(w) be the second derivative of -w**3/3 - 7*w**2/2 - w. Determine t(d).
3
Let n be ((-4)/(-10))/((-4)/(-60)). Let x(h) = -3*h - 2. Let o(c) = 7*c + 5. Let m(d) = -4*o(d) - 9*x(d). Give m(n).
-8
Let h(s) be the third derivative of -s**4/24 - 3*s**3/2 - 39*s**2. Let f = -3 - 1. Determine h(f).
-5
Let t(n) = 4*n**3 - 9*n**2 - 9*n. Let c(w) = -5*w**3 + 10*w**2 + 10*w. Suppose -g = -4*v + 8 - 0, -4*v + 28 = 4*g. Let y(d) = v*c(d) + 4*t(d). What is y(7)?
7
Let z(p) = -11*p**3 + p**2. Let d = 2 + 3. Suppose -3*l - 19 = 4*t, 4*t = 2*t - d*l - 27. Calculate z(t).
12
Let h(b) = -2*b**2 + 2*b - 1. Suppose 1 + 9 = 2*m. Suppose -m - 4 = -3*k. Calculate h(k).
-13
Let m(d) = d + 5. Let h = -36 - -22. Let k = h - -8. Determine m(k).
-1
Let x(h) be the third derivative of h**6/120 + h**5/12 - h**4/8 + h**3 + 15*h**2. Give x(-6).
-12
Let s be 5 - 3 - (4 + -4). Let u(x) = 3*x + 2. Determine u(s).
8
Let b = -6 - -10. Let l(g) = 2*g**2 - 1 - b*g - 4 - g**2. What is l(5)?
0
Let t(x) = 2 + 7 - 47*x**2 - 3 + 46*x**2. Calculate t(0).
6
Let s(v) = 11*v + 12. Let k(y) = 4*y + 4. Let b(d) = 8*k(d) - 3*s(d). Let m(q) = -q + 2. Let n = 16 + -11. Let w be m(n). Determine b(w).
-1
Suppose -5*o + 0*o - 4*k + 57 = 0, 2*o = 4*k + 6. Let d(y) = -y + 4. Let t be d(o). Let r(s) = -s**3 - 4*s**2 + 0 - s**2 + s + 5. What is r(t)?
0
Let i(k) = 7*k**3 - k**2 + k + 3. Let f(z) = z**2 - 1. Let s(g) = -3*f(g) - i(g). Suppose -3*a + 4*a = 0. Let h(j) = -j**2 - 1. Let o be h(a). What is s(o)?
6
Let u(a) be the first derivative of 5*a**3/3 + a**2 + 4*a + 4. Let h(p) = -4*p**2 - 2*p - 3. Let b(f) = -6*h(f) - 5*u(f). Calculate b(2).
-2
Let n(f) = f**3 - 5*f**2 - 2*f - 3. Suppose -g - 3*p + p = -6, g + 5*p = 12. Suppose g*h + 5 = 3*h. What is n(h)?
-13
Let z(x) be the third derivative of x**6/120 - x**5/12 - x**4/4 + 23*x**2. Calculate z(6).
0
Let y(i) = 3*i + 3. Let f = -15 + 26. Suppose -2*b - f = m, -b + 2 = -2*m - 0. Determine y(m).
-6
Let s(b) = -b**2 + 18*b + 40. Let z be s(20). Let c(x) = -6*x**2 + x + 4. Let l(t) = 7*t**2 - t - 5. Let j(q) = 6*c(q) + 5*l(q). Give j(z).
-1
Let u(k) be the third derivative of k**6/120 - 7*k**5/60 + 7*k**4/24 - k**3/2 - 5*k**2. Let g be u(6). Let q(z) = z**2 - z - 2. Calculate q(g).
4
Let x = 2 - 1. Let a(s) = s**2 - s - 1. Let t be a(x). Let c(m) be the third derivative of -m**4/4 + 4*m**2. Determine c(t).
6
Let i(u) be the first derivative of -u**2/2 - 5*u + 12. Give i(-7).
2
Suppose -3*i - 5 - 1 = -3*g, 5*g + i = 16. Let t(b) = 3*b - g + 1 + 3. Calculate t(-4).
-11
Let k = 2 - -1. Suppose -2*d + 9 = k. Let q(h) = -10*h + 10. Let i(n) = -3*n + 3. Let c(r) = -16*i(r) + 5*q(r). What is c(d)?
-4
Let a(l) = -4*l**2 - l + 1. Let j be (8 + -5)*(-1)/(-1). Suppose 5*w - j = 2. Give a(w).
-4
Let c(t) = -4 + 4 - 1. Let v(m) = -m - 8. Let g(b) = 5*c(b) - v(b). Determine g(-4).
-1
Let v(g) = g**2 - g + 1. Let w(b) = -b**2. Let f(m) = -5*v(m) - 4*w(m). What is f(5)?
-5
Let y = -3 + 8. Let j(u) = -3*u - 4 + y*u - 5 - 3*u. Calculate j(-5).
-4
Let x(s) = -3 - 4*s + 1 - s. Let z(q) = 6*q + 2. Let l(c) = -5*x(c) - 4*z(c). Calculate l(2).
4
Let w(q) be the third derivative of 0*q**4 + 1/6*q**3 + 0*q**5 - 5*q**2 + 0 + 0*q - 13/120*q**6. What is w(1)?
-12
Let r(c) = 71 - c - 76 + 4*c - 5*c. Calculate r(-5).
5
Let x(m) = m - 2. Let q be x(5). Let w(n) = 0*n - n**3 - n - 1 + 0*n - q*n**2. Suppose -l = 2*l + 2*z + 15, 4*l - z + 9 = 0. Calculate w(l).
2
Let r(z) = 3*z**2 + z. Let i = -1 + 2. Let c = 2 - i. Determine r(c).
4
Let q(n) be the third derivative of n**5/60 - n**4/6 + 5*n**3/6 - 3*n**2. Suppose 4*o = 3 + 5. Let s = 7 - o. What is q(s)?
10
Suppose -v = -3*m + m - 10, -5*v + m + 14 = 0. Let r(d) = 0 - v*d**3 + d**3 + d + 7 - 6*d - 7*d**2. Calculate r(-6).
1
Let j(p) = -p**3 - 8*p + 1. Let x(t) = -t**3 + t**2 - 7*t. Let s(a) = -4*j(a) + 5*x(a). Determine s(3).
5
Suppose -17 = 4*u - 1. Let g(f) = 2*f - 3. What is g(u)?
-11
Let w be (-12)/(-9) - (-4)/(-12) - -2. Let h(s) be the first derivative of -s**3/3 + 3*s**2/2 - 2*s + 1. Calculate h(w).
-2
Let a(o) = -o - 4. Suppose 2*y + 2*i = 5*y - 4, y + 5*i + 10 = 0. Suppose y = -4*h - 0*h + 16. Suppose -3*r = -5*r - h. What is a(r)?
-2
Let c(y) be the first derivative of -2*y + 2 - 3/2*y**2. Give c(-2).
4
Let v(h) = -7*h + 4. Let d(i) = -8*i + 5. Let y(p) = -8*p + 5. Let q(m) = 6*d(m) - 5*y(m). Let s(l) = 4*q(l) -